.
3, 7, 17, 3613
What are the prime factors of 5007619?
5007619
List the prime factors of 352297.
11, 32027
What are the prime factors of 7072866?
2, 3, 227, 577
List the prime factors of 793518.
2, 3, 11, 1093
What are the prime factors of 80633?
7, 11519
List the prime factors of 27436648.
2, 3429581
List the prime factors of 513599.
191, 2689
What are the prime factors of 2616088?
2, 327011
List the prime factors of 635615.
5, 127123
List the prime factors of 2043678.
2, 3, 7, 13, 19, 197
List the prime factors of 184597.
7, 26371
List the prime factors of 227928.
2, 3, 9497
List the prime factors of 1957189.
13, 37, 313
List the prime factors of 194958.
2, 3, 10831
What are the prime factors of 7499360?
2, 5, 11, 4261
List the prime factors of 24027.
3, 8009
List the prime factors of 603015.
3, 5, 7, 5743
What are the prime factors of 91573?
91573
List the prime factors of 519379.
7, 74197
List the prime factors of 1006924.
2, 19, 13249
List the prime factors of 547868.
2, 29, 4723
What are the prime factors of 211457?
211457
List the prime factors of 582119.
582119
List the prime factors of 10292593.
29, 257, 1381
List the prime factors of 215481.
3, 7, 31, 331
What are the prime factors of 20120187?
3, 73, 91873
What are the prime factors of 17184657?
3, 7, 23, 47, 757
What are the prime factors of 540941?
227, 2383
List the prime factors of 164763.
3, 18307
List the prime factors of 23707544.
2, 7, 331, 1279
List the prime factors of 2706575.
5, 108263
What are the prime factors of 121262?
2, 60631
What are the prime factors of 3107422?
2, 1553711
What are the prime factors of 1250831?
1250831
What are the prime factors of 1835171?
13, 10859
What are the prime factors of 273929?
273929
What are the prime factors of 12791295?
3, 5, 11, 25841
What are the prime factors of 176496?
2, 3, 3677
List the prime factors of 447254.
2, 113, 1979
What are the prime factors of 6256602?
2, 3, 11, 3511
What are the prime factors of 706182?
2, 3, 37, 3181
List the prime factors of 130300.
2, 5, 1303
What are the prime factors of 5191955?
5, 1038391
List the prime factors of 249743.
13, 19211
List the prime factors of 174925.
5, 6997
List the prime factors of 452999.
17, 26647
What are the prime factors of 34262100?
2, 3, 5, 38069
List the prime factors of 189092.
2, 41, 1153
What are the prime factors of 9233958?
2, 3, 17, 90529
List the prime factors of 12080680.
2, 5, 79, 3823
What are the prime factors of 3641874?
2, 3, 71, 83, 103
List the prime factors of 44621.
44621
List the prime factors of 2672054.
2, 7, 11, 17351
List the prime factors of 1625238.
2, 3, 30097
List the prime factors of 1243162.
2, 31, 20051
List the prime factors of 270185.
5, 54037
List the prime factors of 12109261.
3391, 3571
List the prime factors of 7444247.
31, 41, 5857
What are the prime factors of 681809?
681809
What are the prime factors of 1621076?
2, 405269
List the prime factors of 53181.
3, 19, 311
List the prime factors of 904783.
11, 83, 991
List the prime factors of 27264435.
3, 5, 11, 373, 443
List the prime factors of 2716291.
41, 97, 683
What are the prime factors of 5374650?
2, 3, 5, 35831
List the prime factors of 244792.
2, 37, 827
List the prime factors of 5034716.
2, 167, 7537
What are the prime factors of 10377226?
2, 947, 5479
List the prime factors of 3550365.
3, 5, 7, 13, 17
What are the prime factors of 23262275?
5, 930491
List the prime factors of 701615.
5, 23, 6101
List the prime factors of 5589016.
2, 127, 5501
What are the prime factors of 6106?
2, 43, 71
List the prime factors of 467377.
191, 2447
What are the prime factors of 171129?
3, 7, 29, 281
List the prime factors of 408024.
2, 3, 1889
List the prime factors of 360095.
5, 72019
List the prime factors of 177028.
2, 44257
What are the prime factors of 20336?
2, 31, 41
What are the prime factors of 5173123?
317, 16319
List the prime factors of 12250404.
2, 3, 17, 37, 541
List the prime factors of 6244742.
2, 7, 446053
List the prime factors of 6020.
2, 5, 7, 43
What are the prime factors of 195039?
3, 13, 1667
List the prime factors of 123973.
123973
What are the prime factors of 261317?
7, 5333
List the prime factors of 2818174.
2, 421, 3347
What are the prime factors of 169390?
2, 5, 13, 1303
What are the prime factors of 9638395?
5, 13, 79, 1877
List the prime factors of 1462267.
29, 50423
What are the prime factors of 4169656?
2, 167, 3121
What are the prime factors of 9617046?
2, 3, 47, 67, 509
List the prime factors of 2003254.
2, 11, 23, 37, 107
What are the prime factors of 7409903?
7409903
What are the prime factors of 124712?
2, 7, 17, 131
What are the prime factors of 268066?
2, 134033
List the prime factors of 8474421.
3, 2824807
What are the prime factors of 1272838?
2, 7, 90917
List the prime factors of 1094219.
7, 137, 163
What are the prime factors of 529880?
2, 5, 13, 1019
List the prime factors of 74173.
11, 613
What are the prime factors of 6772944?
2, 3, 149, 947
What are the prime factors of 277692?
2, 3, 73, 317
List the prime factors of 1139311.
73, 15607
What are the prime factors of 350979?
3, 116993
List the prime factors of 5325.
3, 5, 71
List the prime factors of 414941.
19, 21839
What are the prime factors of 3574040?
2, 5, 199, 449
What are the prime factors of 753107?
79, 9533
List the prime factors of 272565.
3, 5, 673
What are the prime factors of 33715?
5, 11, 613
What are the prime factors of 1759441?
53, 89, 373
List the prime factors of 195150.
2, 3, 5, 1301
List the prime factors of 253640.
2, 5, 17, 373
List the prime factors of 1364078.
2, 73, 9343
What are the prime factors of 3682823?
3682823
List the prime factors of 6057020.
2, 5, 302851
List the prime factors of 378214.
2, 19, 37, 269
What are the prime factors of 1590774?
2, 3, 265129
List the prime factors of 1733726.
2, 41, 21143
List the prime factors of 214121.
277, 773
What are the prime factors of 9122031?
3, 337853
What are the prime factors of 298355?
5, 59671
What are the prime factors of 5954793?
3, 13, 179, 853
What are the prime factors of 43038436?
2, 7, 29, 53003
What are the prime factors of 10539992?
2, 29, 181, 251
List the prime factors of 550856.
2, 37, 1861
What are the prime factors of 1025974?
2, 53, 9679
List the prime factors of 1330329.
3, 7, 11, 13, 443
What are the prime factors of 5723474?
2, 2861737
What are the prime factors of 6132044?
2, 283, 5417
What are the prime factors of 2002289?
2002289
What are the prime factors of 150749?
127, 1187
List the prime factors of 174802.
2, 71, 1231
What are the prime factors of 18550995?
3, 5, 17, 23, 3163
What are the prime factors of 16536452?
2, 1669, 2477
What are the prime factors of 14918923?
149, 223, 449
List the prime factors of 16742.
2, 11, 761
List the prime factors of 632850.
2, 3, 5, 4219
What are the prime factors of 83691?
3, 17, 547
List the prime factors of 2002465.
5, 619, 647
What are the prime factors of 2111878?
2, 1055939
What are the prime factors of 515717?
19, 27143
List the prime factors of 169885.
5, 61, 557
List the prime factors of 677418.
2, 3, 7, 127
List the prime factors of 186869.
186869
What are the prime factors of 215451?
3, 37, 647
List the prime factors of 106349.
106349
What are the prime factors of 1518630?
2, 3, 5, 223, 227
What are the prime factors of 1267604?
2, 13, 19, 1283
List the prime factors of 5531177.
239, 23143
What are the prime factors of 92709?
3, 10301
List the prime factors of 56631.
3, 43, 439
List the prime factors of 160439.
83, 1933
What are the prime factors of 1876568?
2, 234571
What are the prime factors of 183769?
127, 1447
List the prime factors of 5276077.
5276077
What are the prime factors of 172483?
137, 1259
What are the prime factors of 13228167?
3, 4409389
List the prime factors of 1458158.
2, 13, 17, 3299
What are the prime factors of 2623427?
29, 61, 1483
What are the prime factors of 4572816?
2, 3, 95267
List the prime factors of 9542.
2, 13, 367
List the prime factors of 1038019.
1038019
What are the prime factors of 1299880?
2, 5, 32497
List the prime factors of 7196243.
7196243
List the prime factors of 204461.
204461
What are the prime factors of 274438?
2, 137219
What are the prime factors of 29869?
7, 17, 251
List the prime factors of 32